+ 41*k = -3*h + 4889, -k + h + 1217 = 0. What is the tens digit of k?
2
Let j(d) = 3*d - 4. Let o be j(3). Suppose -5*z + 2*m + 2*m = -3, z = -o*m + 18. Suppose -z = -s + 5. What is the units digit of s?
8
What is the units digit of 84/(-20) + 4 - 2622/(-10)?
2
What is the tens digit of ((-9)/12)/(-3 - (-1643)/548)?
1
Suppose -4*k - 5*p + 2194 + 678 = 0, 5*k - 3*p - 3553 = 0. What is the tens digit of k?
1
Let s = -760 - -2986. What is the thousands digit of s?
2
Let y = -34 + 32. Let g be (-5)/y*(14 - 2). What is the tens digit of (g/45)/(2/66)?
2
Let c(u) = -4*u - 6. Let n = 15 + -8. Suppose 3*k + 20 = -2*y, -n*y + 2*y = -3*k - 34. What is the tens digit of c(k)?
2
Let t be (9*(-2)/(-10))/(39/130). What is the tens digit of (18/(-15))/(t/(-1305))?
6
Suppose 0 = 5*p - 15*p + 840. What is the tens digit of p?
8
Let i(c) = c**2 + 19. Suppose 3*s = s. What is the units digit of i(s)?
9
Suppose 620 = 2*a - 0*a. What is the tens digit of a?
1
Let p be 51/119 + (-64)/(-14). Suppose -25 = -5*a, p*g = -4*a + 161 + 354. What is the tens digit of g?
9
What is the tens digit of (-1 + (-1)/(-3))*-3 + 666?
6
Let o(a) = -9 - 7 + 27*a - 5*a. What is the tens digit of o(4)?
7
Suppose 461095 = 118*r - 58341. What is the tens digit of r?
0
Suppose j + 0*g = -2*g + 309, 0 = -3*j + 5*g + 894. Suppose 5*z = 82 + j. What is the tens digit of z?
7
What is the tens digit of (1240 - 1)/3 - (7 - 2)?
0
Let n = 23 - 21. Suppose -2 - 6 = -n*d. Suppose -d*m + 20 = 0, -3*m - 82 + 25 = -4*t. What is the units digit of t?
8
Suppose 5*a - 4 - 11 = 0. Suppose -b + 4*i = -3, -5*b + a = -4*i - 12. What is the units digit of b?
3
Suppose -3*k - 2*c = -1352, 5*k - 894 = 3*k - 5*c. Let y = -282 + k. What is the tens digit of y?
7
Suppose 2*p - 225 = -3*l - p, 330 = 4*l - 2*p. Let w = l - 77. What is the units digit of w?
3
Let i(k) = k**3 + 11*k**2 - 11*k + 17. Let c be i(-12). Suppose -4*p + 3*n - 156 = 0, 0*p + c*n = -3*p - 146. Let o = -12 - p. What is the tens digit of o?
3
Let b(c) = -2*c**2 - 6*c - 8. Let n be b(-2). What is the units digit of 1/n + 73/4?
8
Suppose -46*b - 246 = -49*b. What is the tens digit of b?
8
Let v(q) = q**2 + q + 32. Suppose 5*w = 3*f - 33, -f - w = f - 22. What is the hundreds digit of v(f)?
1
Let d(g) = 4*g**2 - g + 1. Let y be d(-1). Suppose -f = -y*f + 365. What is the tens digit of f?
7
Suppose 10*z - 4660 = -4630. Let y(q) = q**3 - 7*q**2 + 8*q - 8. Let s be y(6). Suppose z*u - 5 - 127 = -s*d, 0 = 4*d - 3*u - 108. What is the units digit of d?
0
Let m = 342 + -79. What is the tens digit of m?
6
Suppose -25 = -5*w - 0*w. Suppose 0 = 3*n + 2*n - w. Let v = n + 32. What is the tens digit of v?
3
Let o be 3*3*2/3. Suppose 4*n = h + 443, -330 = -3*n + o*h - 3*h. What is the units digit of n?
1
Let q(d) = -d**3 - 43*d**2 - 195*d + 75. What is the thousands digit of q(-39)?
1
Let g be ((-18)/15)/(2/80). Let j = g - -55. What is the units digit of j?
7
Let a be (74 - 1) + -1 - (2 - 1). Let z = a - 65. What is the units digit of z?
6
What is the units digit of (-3362)/(-18) + (-76)/(-342)?
7
Let y = -287 - -406. Suppose 6*m = 5*m + y. What is the hundreds digit of m?
1
Suppose -5*d = 15, t - 2*d = 2*t + 2. Suppose 124 = t*v + 32. Let q = v - 7. What is the tens digit of q?
1
Suppose -5*n = 12*x - 7*x - 7840, 3*x = -4*n + 6273. What is the thousands digit of n?
1
Let y = 2470 - 1731. What is the tens digit of y?
3
Let c(u) = -7*u**2 + 2*u + 3. Let q be c(-2). Let o = 82 - q. What is the tens digit of o?
1
Let c = 120 - -181. What is the tens digit of c?
0
Let h = 43 - 15. Suppose -b + h = -51. What is the tens digit of b?
7
Suppose 4*y - 4*a + 62 = 6, -4*a + 4 = 0. Let p(q) = -q**3 - 6*q**2 - 5*q - 2. Let s be p(-6). Let d = s + y. What is the units digit of d?
5
Let z(a) = 4*a**3 + 2*a**2 - 5*a - 7. Let f(c) = 11*c**3 + 7*c**2 - 15*c - 21. Let t(l) = -3*f(l) + 8*z(l). What is the tens digit of t(-8)?
5
Let d = -101 + 71. Let o(a) = a**3 + a**2 + a - 47. Let m be o(0). Let b = d - m. What is the units digit of b?
7
Suppose -5*q + q + 3508 = -4*r, 878 = q - 2*r. Suppose -9*m = -3*m - q. What is the hundreds digit of m?
1
Let z(v) = -9*v + 6. Let q(m) = m**2 - 15*m + 11. Let j be q(14). What is the units digit of z(j)?
3
Let k(w) = -4*w + 5*w**2 + 9 - w**3 - 14*w**2 - w**2. What is the tens digit of k(-11)?
7
Let u(i) = i**3 + 2*i**2 + 11*i + 7. What is the units digit of u(5)?
7
Let c be (((-424)/(-3))/(10/15))/1. Suppose -c = -b - 41. What is the units digit of b?
1
Suppose -14 = o - 0*o + 2*u, -5*u = 4*o + 44. Let f(i) = -28*i - 10. What is the tens digit of f(o)?
5
Let f(a) = -a**2. Let r(b) = -2*b**2 - 3*b - 3. Let y(q) = -3*f(q) + r(q). Let k = 22 + -16. What is the tens digit of y(k)?
1
What is the units digit of 128/22 - 3/(-132)*8?
6
Let q = 30 + 10. What is the units digit of -2 - ((-4)/(-4) - q)?
7
Let b = 85 - -25. Suppose r - 5*u = -107, -b = r - u - 11. Let f = r + 164. What is the tens digit of f?
6
Suppose -5336 = -8*i + 168. What is the units digit of i?
8
What is the units digit of (-171 - 10)/(0 + 2/(-4))?
2
Let n(v) = -v**3 + 8*v**2 - 6*v. Let i be n(7). Suppose -i*g + 368 = 74. What is the tens digit of g?
4
Suppose 24*v = 25*v. Suppose -11*u = -v*u - 1331. What is the hundreds digit of u?
1
Let t = 58 + -64. What is the hundreds digit of (-1)/3 - 806/t?
1
Suppose -4*f + 9*f = 10. Suppose -5*i = -v + 70, v - 2*i = f*i + 70. What is the tens digit of v?
7
Let x be (-4)/4*1*-47. Let k = x - -19. What is the tens digit of k?
6
Suppose -2*s - 3166 = -5*x, 7*s = 3*x + 8*s - 1904. What is the units digit of x?
4
Let w(o) = -3*o**2 + 1. Let a be w(-1). Let c = 5 + a. Suppose 4 - 25 = -c*n. What is the units digit of n?
7
Suppose 0 = -2*f - 0 + 10, -s = 4*f - 1659. What is the hundreds digit of s?
6
Suppose 5*l + 55 = -3*u, -4*l + 3*u - 64 = 7. What is the units digit of (-6645)/(-105) + 4/l?
3
What is the thousands digit of (-15)/(-40) - (-19677)/48*6?
2
Let a(z) = 2*z + 1. Let t be a(-8). Let l = -4 - t. Suppose -8*b = -l*b + 135. What is the tens digit of b?
4
Suppose -1100 = 275*f - 285*f. What is the hundreds digit of f?
1
Let z(h) = 17*h - 108. What is the tens digit of z(11)?
7
Suppose -3*x + 3 = 0, 4*k - 4*x - 9 = 3. Let z(t) = -2 - 2 + 10*t + k*t + 1. What is the tens digit of z(2)?
2
Suppose -4*n + 2853 = 5*f, 9*f - 12*f - 5*n + 1704 = 0. What is the tens digit of f?
7
Suppose 633*h = 646*h - 33982. What is the thousands digit of h?
2
Let a = 33 - 30. Suppose 2*p + p - 33 = i, -5*i = -a*p + 33. What is the units digit of p?
1
Let a(v) = 3*v**3 - v**3 + 19*v - 3*v**2 - 16*v. Let u be (6/(-1))/(10 - 12). What is the tens digit of a(u)?
3
Let n be 0 - (-3 - (-1 + 6)). Suppose -5*y = -0*y - 30. Let z = n + y. What is the tens digit of z?
1
Let y = -68 - -41. Suppose 8*w + 44 = 12*w. Let u = w - y. What is the tens digit of u?
3
What is the tens digit of 17170/6 - 4 - (-2)/6?
5
Suppose 74 = 3*j - 3*r - 148, 5*r = 25. Let t = -44 + j. What is the tens digit of t - (2/(-1) + 0)?
3
Suppose -129 = 3*y - p - 595, -3*p - 150 = -y. Let i = y + -35. What is the tens digit of i?
2
Let q be 5*7/(140/24). Suppose 0*j = q*j - 114. What is the tens digit of j?
1
Suppose k + 4*z = -7 + 16, -z = 3*k - 71. What is the units digit of k?
5
Suppose 17*s + h - 10756 = 12*s, h + 6452 = 3*s. What is the hundreds digit of s?
1
Suppose -4*w - 16 = 2*k, w = -5*k + 4*w - 1. Let y(a) = -a**3 - 4*a**2 - 4*a - 3. Let q be y(k). Let p = -2 - q. What is the units digit of p?
1
Suppose -431 = -h + 6*z, -2*z - 820 - 82 = -2*h. What is the hundreds digit of h?
4
Let v be (-5 - -3) + 1*2. Let c(k) be the second derivative of -k**5/20 - k**4/12 - k**3/6 + 5*k**2/2 - 2*k. What is the units digit of c(v)?
5
Let u(y) = y**2 + 9*y - 155. What is the units digit of u(23)?
1
Suppose o = -4*o - 15. Let g be 3/((o + -1)/(-4)). Suppose g*v + 4*q - 159 - 35 = 0, 0 = v + 3*q - 63. What is the units digit of v?
6
What is the units digit of ((-57)/(-4))/((-145)/160 - -1)?
2
Suppose -a = 5*j + 491, 4*j - 2*a + 52 = -352. Suppose 3*v - 2*v + 142 = 0. Let f = j - v. What is the units digit of f?
3
Suppose -2*v + 262 + 204 = 0. What is the hundreds digit of v?
2
Let z = -86 - -73. Let c = 173 + z. What is the units digit of c?
0
Let m(w) = -w**3 + 8*w**2 - 5*w + 1. Let g be (8/(-12))/((